MONTHLY CLIMATOLOGICAL SUMMARY for FEB. 2020

NAME:    CITY:  STATE: 
ELEV:  LAT:  LONG: 

                            TEMPERATURE ( C), RAIN (mm), WIND SPEED (kn)

                                                 HEAT     COOL          AVG
      MEAN                                       DEG      DEG           WIND                       DOM
DAY   TEMP    HIGH   TIME      LOW     TIME      DAYS     DAYS    RAIN  SPEED   HIGH     TIME      DIR
----------------------------------------------------------------------------------------------------------------------------------------------------------
01    06.6    07.8   03:37a    03.4   19:02p     11.7     00.0   02.0   07.2    27.0    21:59p     SSE
02    03.3    05.3   13:48p   -00.2   21:48p     15.0     00.0   00.3   05.8    26.0    00:02a     NNE
03    02.2    05.3   22:28p   -00.5   03:24a     16.1     00.0   08.1   06.5    25.0    14:53p      SE
04    02.7    04.7   01:43a   -00.9   23:59p     15.6     00.0   02.3   03.5    17.0    12:00p     NNE
05    04.3    06.8   23:58p   -01.2   01:35a     14.0     00.0   01.0   06.5    25.0    20:12p      N 
06    06.4    07.4   14:18p    04.7   23:49p     11.9     00.0   00.8   05.4    19.0    00:17a     NNE
07    04.5    05.7   15:24p    01.8   07:37a     13.8     00.0   00.3   05.9    28.0    23:50p      SE
08    05.9    07.5   13:35p    05.0   21:07p     12.4     00.0   02.5   13.0    35.0    05:20a     SSE
09    06.6    08.2   16:58p    05.0   07:50a     11.7     00.0   32.3   15.0    40.0    07:34a     SSE
10    05.0    06.7   01:18a    03.1   17:37p     13.3     00.0   03.3   09.6    30.0    13:36p     NNW
11    04.3    06.4   13:25p    02.0   05:41a     14.0     00.0   04.1   07.0    31.0    15:35p      NW
12    03.8    05.6   12:44p    01.3   23:36p     14.5     00.0   01.5   09.1    28.0    01:28a     
13    01.3    03.9   13:54p   -00.9   02:13a     17.0     00.0   03.8   02.6    09.0    13:56p      NE
14    02.8    06.6   23:41p   -01.3   03:19a     15.5     00.0   06.6   07.7    35.0    19:17p      SE
15    06.4    08.2   23:59p    03.6   08:10a     11.9     00.0   20.3   10.2    37.0    21:20p     SSE
16
17
18
19
20
21
22
23
24
25
26
27
28
29
30
31
----------------------------------------------------------------------------------------------------------------------------------------------------------
     4.4     8.2   day 16   -1.3   day 14    208.6     0.0    89.2    7.7     40.0    day  09    SSE

Max >=  32.0: 0
Max <=   0.0: 0
Min <=   0.0: 6
Min <= -18.0: 0
Max <=  -5.0: 0
Min <=  -5.0: 0
Max <= -10.0: 0
Min <= -10.0: 0
Max <= -15.0: 0
Min <= -15.0: 0
Max <= -20.0: 0
Min <= -20.0: 0
Max <= -25.0: 0
Min <= -25.0: 0
Max Rain: 32.3 ON 9-02-20
Days of Rain: 15 (> .2mm) 9 (> 2mm) 2 (> 20mm)