MONTHLY CLIMATOLOGICAL SUMMARY for MAY. 2020

NAME:    CITY:  STATE: 
ELEV:  LAT:  LONG: 

                            TEMPERATURE ( C), RAIN (mm), WIND SPEED (kn)

                                                 HEAT     COOL          AVG
      MEAN                                       DEG      DEG           WIND                       DOM
DAY   TEMP    HIGH   TIME      LOW     TIME      DAYS     DAYS    RAIN  SPEED   HIGH     TIME      DIR
----------------------------------------------------------------------------------------------------------------------------------------------------------
01    09.6    14.8   15:21p    05.5   06:26a     08.7     00.0   01.0   05.0    17.0    01:51a      SE
02    08.7    14.1   13:09p    03.2   06:32a     09.6     00.0   00.0   05.0    17.0    18:11p     
03    07.8    11.1   13:23p    04.9   04:53a     10.5     00.0   00.5   08.4    22.0    14:41p     NNE
04    07.0    10.0   14:20p    04.3   05:07a     11.3     00.0   00.0   10.1    26.0    16:00p     NNE
05    06.5    10.8   14:16p    00.4   05:15a     11.8     00.0   00.0   05.2    18.0    17:15p     NNE
06    08.4    11.8   15:36p    04.3   06:07a     09.9     00.0   00.0   08.0    23.0    17:31p     
07    08.7    12.7   14:03p    04.6   04:59a     09.6     00.0   00.0   03.3    13.0    14:45p     
08    09.1    12.2   12:12p    06.1   06:22a     09.2     00.0   00.0   05.2    16.0    16:27p     
09    08.3    12.8   13:27p    03.9   04:44a     010.0     00.0   01.5   02.8    11.0    15:40p     
10    05.5    07.8   14:56p    03.4   23:57p     12.8     00.0   06.6   13.0    34.0    15:01p     NNE
11    05.1    08.1   17:31p    01.8   06:01a     13.2     00.0   00.0   09.3    29.0    15:17p     NNE
12    05.0    07.7   16:42p    01.8   08:17a     13.3     00.0   02.3   09.3    24.0    17:43p     NNE
13    05.5    09.1   15:58p    01.5   05:44a     12.8     00.0   00.0   08.9    24.0    13:40p     NNE
14    06.0    10.8   16:50p    02.3   05:33a     12.3     00.0   04.1   05.7    21.0    10:50a      N 
15    07.0    10.0   17:51p    04.7   05:04a     11.3     00.0   05.8   05.1    19.0    07:36a     
16
17
18
19
20
21
22
23
24
25
26
27
28
29
30
31
----------------------------------------------------------------------------------------------------------------------------------------------------------
     7.2     14.8   day 01   0.4   day 05    166.5     0.0    21.8    7.0     34.0    day  10     SE

Max >=  32.0: 0
Max <=   0.0: 0
Min <=   0.0: 0
Min <= -18.0: 0
Max <=  -5.0: 0
Min <=  -5.0: 0
Max <= -10.0: 0
Min <= -10.0: 0
Max <= -15.0: 0
Min <= -15.0: 0
Max <= -20.0: 0
Min <= -20.0: 0
Max <= -25.0: 0
Min <= -25.0: 0
Max Rain: 6.6 ON 10-05-20
Days of Rain: 7 (> .2mm) 4 (> 2mm) 0 (> 20mm)