MONTHLY CLIMATOLOGICAL SUMMARY for AUG. 2019

NAME:    CITY:  STATE: 
ELEV:  LAT:  LONG: 

                            TEMPERATURE ( C), RAIN (mm), WIND SPEED (kn)

                                                 HEAT     COOL          AVG
      MEAN                                       DEG      DEG           WIND                       DOM
DAY   TEMP    HIGH   TIME      LOW     TIME      DAYS     DAYS    RAIN  SPEED   HIGH     TIME      DIR
----------------------------------------------------------------------------------------------------------------------------------------------------------
01    18.1    21.0   19:27p    16.4   23:59p     00.2     00.0   00.3   02.7    10.0    20:05p     NNE
02    17.6    21.5   15:22p    14.9   05:59a     00.7     00.0   00.0   04.4    14.0    17:24p     NNE
03    17.3    20.0   18:15p    15.8   06:53a     01.0     00.0   00.0   02.1    10.0    14:48p     NNE
04    17.1    20.8   18:12p    15.5   06:08a     01.2     00.0   00.0   02.5    10.0    15:27p     
05    17.1    22.2   15:01p    14.3   06:20a     01.2     00.0   05.1   01.8    10.0    14:49p      SE
06    17.0    21.7   16:18p    14.8   23:59p     01.3     00.0   09.4   02.1    09.0    17:31p     SSE
07    16.7    20.7   11:45a    13.5   05:26a     01.6     00.0   08.6   04.4    17.0    13:14p      SE
08    16.9    22.3   17:48p    13.0   04:33a     01.4     00.0   02.5   04.1    18.0    19:34p     NNE
09    17.1    23.1   15:08p    13.0   06:31a     01.2     00.0   01.8   03.6    19.0    23:34p     ESE
10    17.6    21.7   14:51p    15.2   01:26a     00.7     00.0   19.1   08.7    28.0    02:49a      SE
11    16.9    19.0   15:27p    15.6   22:53p     01.4     00.0   06.6   03.4    14.0    08:09a      S 
12    14.7    17.3   09:00a    12.5   19:07p     03.6     00.0   23.4   05.6    24.0    12:00p     NNE
13    14.2    17.7   15:23p    11.8   23:46p     04.1     00.0   00.0   05.9    17.0    16:16p     NNE
14    14.3    19.6   15:09p    10.1   05:43a     04.0     00.0   02.0   01.8    11.0    16:27p      NW
15    14.2    18.8   11:58a    10.2   05:31a     04.1     00.0   11.7   06.0    22.0    14:17p      SE
16    15.3    19.6   14:25p    12.3   07:20a     03.0     00.0   00.3   05.2    21.0    22:03p      E 
17    16.0    20.1   14:46p    13.3   23:59p     02.3     00.0   13.7   06.6    23.0    00:34a     SSE
18    15.4    19.7   17:19p    12.7   02:56a     02.9     00.0   07.9   05.0    30.0    11:51a     SSE
19    16.2    20.9   16:33p    13.7   08:14a     02.1     00.0   08.9   03.7    14.0    10:31a     SSW
20    14.9    18.2   14:52p    12.9   22:15p     03.4     00.0   04.1   03.2    15.0    16:49p     WNW
21
22
23
24
25
26
27
28
29
30
31
----------------------------------------------------------------------------------------------------------------------------------------------------------
     16.1     23.1   day 09   10.1   day 14    41.6     0.0    206.0    4.2     30.0    day  10    NNE

Max >=  32.0: 0
Max <=   0.0: 0
Min <=   0.0: 0
Min <= -18.0: 0
Max <=  -5.0: 0
Min <=  -5.0: 0
Max <= -10.0: 0
Min <= -10.0: 0
Max <= -15.0: 0
Min <= -15.0: 0
Max <= -20.0: 0
Min <= -20.0: 0
Max <= -25.0: 0
Min <= -25.0: 0
Max Rain: 23.4 ON 12-08-19
Days of Rain: 16 (> .2mm) 12 (> 2mm) 1 (> 20mm)